55. List the prime factors of x.
2, 5, 37
Let u be (-184)/(-44) + 10/(-55). Suppose -5*t = 3*j - 34, 10 = u*t + j - 13. Let q(b) = 5*b - 12. What are the prime factors of q(t)?
13
Suppose -7*m + 2*m = -60. Let j = 13 + m. Suppose d - j - 24 = 0. List the prime factors of d.
7
Suppose 30*q - 13*q = 16694. What are the prime factors of q?
2, 491
Suppose 9*o + 258 = 11*o - 2*n, 0 = -5*o - 4*n + 636. List the prime factors of o.
2
Let f(o) = -34*o - 103. List the prime factors of f(-4).
3, 11
Suppose -4 = 4*b + 4, y - 5*b = 18. Suppose 0 = -2*k - k - 12. Let d = k + y. What are the prime factors of d?
2
Suppose -62*k + 63*k - 588 = 0. List the prime factors of k.
2, 3, 7
Let h(v) = 5*v + 1. Let j(i) = 5*i. Suppose -4*g + 35 = 3*d, 3*g + 30 = 4*d + 5*g. Let k(r) = d*j(r) - 6*h(r). List the prime factors of k(-3).
3
Suppose -422 = 2*r - 4*r - 4*g, -r + 209 = g. What are the prime factors of r?
3, 23
Let i(w) = -2*w + 14. Let h be i(12). Let j be ((-4)/5)/(4/h). Suppose -d - j*l + 35 = -0*l, 0 = -3*d + 3*l + 105. What are the prime factors of d?
5, 7
Suppose 0 = -7*k + 8*k - 5. Suppose -23 = k*m + 157. Let q = -18 - m. What are the prime factors of q?
2, 3
Let i(r) = r**3 + 162*r + 0*r**3 + 10*r**2 - 3 - 164*r. What are the prime factors of i(-3)?
2, 3, 11
Let o = 177 + -34. Suppose -3*p + 0*p + 12 = 0, 0 = 3*c + 2*p - o. What are the prime factors of c?
3, 5
Let w be ((-6)/5)/(12/(-30)). Suppose 2*o + 1 = w*o - h, -5*o + 29 = h. Suppose -5*f - 5*a = -165, 5*f - 2*f - 103 = -o*a. What are the prime factors of f?
31
Let a = -80 - -71. What are the prime factors of (a/(-2))/(3/124)?
2, 3, 31
Let r be (-6)/((-4)/(-8) - 2). Let f = -30 + r. Let q = f + 79. List the prime factors of q.
53
Suppose 20 = -2*c - 84. Let b = c + 81. Suppose 2*g + b = 5*i, -2*i + 3*g + 21 = i. List the prime factors of i.
5
Let p(z) = z**3 + 8*z**2 - z - 6. Let f be p(-8). Suppose 5*l + 2*v - 1220 = 0, -5*l - 3*v + f*v = -1220. List the prime factors of l.
2, 61
Let x = -451 - -198. Let g = x + 365. List the prime factors of g.
2, 7
Suppose -8*y + 3*y = -10. Let o(x) = 2*x**3 + 3*x**2 - 1. Let c be o(y). Suppose c = 2*f - 79. What are the prime factors of f?
53
Let d(x) be the first derivative of 1/4*x**4 + 0*x**3 + 16*x + 1/2*x**2 + 4. What are the prime factors of d(0)?
2
Let j(b) be the first derivative of -5*b**2 - b + 5. Let r be j(-1). Let t = r - 4. List the prime factors of t.
5
Suppose 4*t = 2*b - 1212, -4*b + 3*t - 2*t = -2459. List the prime factors of b.
2, 7, 11
Suppose -16 = 2*z + 4*h, 0 = z + 3*z + h + 60. Let u = 4 - 7. Let q = u - z. What are the prime factors of q?
13
Suppose -3*j + 13 = 4*o, 6 + 1 = -2*o + 3*j. Let k be o + 7 - (2 - 3). What are the prime factors of (-1*k)/((-5)/15)?
3
Suppose s - 33 = 39. Let q = 187 - s. What are the prime factors of q?
5, 23
Let k(y) = -44*y - 2. Let a be k(-1). What are the prime factors of (a/28)/(6/16)?
2
Let i(f) = 24*f**2 - 2*f + 49. List the prime factors of i(9).
5, 79
Let g(x) = 162*x**2 + x - 1. Let k(f) = -81*f**2. Let b(c) = 4*g(c) + 7*k(c). What are the prime factors of b(1)?
3
Suppose 2*s - 13*s = -341. List the prime factors of s.
31
Let n(q) = 26*q**2 + 2*q + 1. Let k = -8 + 8. Suppose 2*y - 2*b = -8, y + 5*b - 8 - 6 = k. What are the prime factors of n(y)?
5
Let p(l) = 6*l**2 - l - 12. Let h = 34 - 38. List the prime factors of p(h).
2, 11
Let u be 1 + -3 + 194/2. Suppose 28 = -3*m + 8*m + 4*r, 4*r = -3*m + 20. Suppose m*o - 105 = u. List the prime factors of o.
2, 5
Suppose b + 2 + 8 = 0. Let a = 14 + b. What are the prime factors of ((-23)/(-2))/(2/a)?
23
Let y = 47 - 47. Suppose -4*v + 843 = w, 0 = 5*v - y*v - 3*w - 1041. What are the prime factors of v?
2, 3, 5, 7
What are the prime factors of (-21916)/(-40) - (-13)/130?
2, 137
Suppose -4*q = -3*q - 4. Suppose 2*a = q*a - 28. List the prime factors of a.
2, 7
Let z = 255 - 90. Let f = -114 + z. What are the prime factors of f?
3, 17
Let h(c) = -c**3 - c**2 + 7*c - 2. Suppose 2*z + 5*s = 10, -4*s + 40 = -4*z + s. What are the prime factors of h(z)?
3, 7
Let m(h) = h**3 - h**2 - h + 12. Let c be m(0). Suppose 0 = c*v - 14*v + 4. Suppose 3*l - 237 = -3*t, 4*l - 322 = 4*t - v*t. What are the prime factors of l?
2, 5
What are the prime factors of 540 - (4 - (-1 + 4))?
7, 11
Suppose -4*v + 30 = v. Suppose 4*i = v - 106. What are the prime factors of i/(-3) + 4/6?
3
Let m = 1425 + -493. List the prime factors of m.
2, 233
Suppose -5*k - 1165 = -0*k. Let o = k + 357. List the prime factors of o.
2, 31
What are the prime factors of (-10212)/(-4) + 4/4?
2, 1277
List the prime factors of (2 - (-14)/(-5))*-67*5.
2, 67
Let u = 7 + -6. Let g be u*(3 + 3)/3. Suppose n - 7 = -p, 6*n - g*n = -p + 34. What are the prime factors of n?
3
Let g(q) = 4*q**2 - 2*q + 6. Let n be g(-5). Let m = -9 + n. Suppose -m + 2 = -3*u. What are the prime factors of u?
5, 7
Let v be ((-2)/3)/(0 + -1)*-3. List the prime factors of v*((-1098)/12)/(-1 - -4).
61
Suppose 2*q = 4*p + 74, -40 = q - 2*q + 5*p. Let a = 102 - q. What are the prime factors of a?
67
Suppose -11*f - 8*f = 209. Let p(r) = -11*r - 33. What are the prime factors of p(f)?
2, 11
Suppose 0 = -l - 20 - 8. Let i = l - -46. List the prime factors of 759/i + (-5)/30.
2, 3, 7
Suppose 2*m + 2*b = 5*m + 14, 5*b - 20 = 0. Let a(v) = v - 1. Let s be a(5). Let h = m + s. List the prime factors of h.
2
Suppose -4*p = 3*w - 2*w - 27, 0 = p + w - 9. Let k = 6 - -34. Suppose k = -x + p*x. What are the prime factors of x?
2
Suppose 0 = -2*g - g + 3, 0 = 2*h + g + 17. Let n be h/(-12) - (-23)/(-4). List the prime factors of (2 + -5)*n/3.
5
Suppose -3*f + 1 - 10 = 0. Let h be f - (-4)/(8/50). Suppose 3*t - 4*t + h = 0. What are the prime factors of t?
2, 11
Suppose -3*i + 694 = 2*i + 4*f, -i + 150 = -2*f. Let k = i + -10. Suppose 5*t + t - k = 0. List the prime factors of t.
2, 11
Let h be 3/(-7 + 10 + 3/(-2)). Suppose v + 656 = 5*a - 3*v, h*a - 263 = v. List the prime factors of a.
2, 3, 11
Suppose 15*m - 8277 = -132. What are the prime factors of m?
3, 181
Let t = 4328 - 1372. List the prime factors of t.
2, 739
Let i = 35 + 178. What are the prime factors of i?
3, 71
Suppose 5*r - 18 = -2*t - 4, 0 = 5*t - 4*r - 2. Suppose -4*y + t*y = -z + 9, -z - 5 = 0. Let b = y - -21. What are the prime factors of b?
2, 7
Suppose 16 = -5*g + g. Let q be (-326)/(-5) - g/(-20). Suppose -b + 6*b = q. What are the prime factors of b?
13
Let y be (-4)/(3731/(-14700) - 1/(-4)). Suppose 15*d - 9*d - y = 0. List the prime factors of d.
5, 7
Let l = 35 + -20. Suppose 5*s = a + 3*a - 25, 5*s = 3*a - l. List the prime factors of a.
2, 5
Let b be 3*(46/(-10) - 8/20). What are the prime factors of 240 + b/(4 + 1)?
3, 79
Let a = 7675 - 5447. List the prime factors of a.
2, 557
Let y(x) = 5*x**3 + 4*x**2 - 7*x - 6. Let o be y(5). Suppose -4*r - 68 + o = 0. List the prime factors of r.
2, 7, 11
Let k(a) = 274*a. What are the prime factors of k(3)?
2, 3, 137
Suppose -3*k + 5 = -10. Let s(l) = 2*l**3 - 7*l**2 - 2*l + 1. What are the prime factors of s(k)?
2, 3, 11
Suppose 3*v + 15 = 6*v. Suppose -8 = -144*i + 140*i. Suppose -o + 165 = 5*u, -v*u = -i*u - 4*o - 122. What are the prime factors of u?
2, 17
Let t = 44 - -9. Suppose 47 = 4*d + 4*j - 5, -t = -5*d - 2*j. Suppose 6*w - d*w = -12. What are the prime factors of w?
2
Suppose 0 = 7*r + 1311 - 10558. What are the prime factors of r?
1321
Let r be (-76)/6 + (-2)/6. Let l = 16 + r. Suppose -l*p + 61 = -32. What are the prime factors of p?
31
Suppose 2*v + 2*v = 160. Suppose -2*q + v = -4*q. Let t = 31 + q. What are the prime factors of t?
11
Let n be 2/(-10) - 13045/25. Let b = n - -742. What are the prime factors of b?
2, 5, 11
Suppose 4*p + 5*c - 10254 = 846, -2*p = 3*c - 5548. What are the prime factors of p?
2, 5, 139
Let p be (5/15*3)/(3/6). Suppose p*a - 35 = 7. What are the prime factors of a?
3, 7
Let d(j) = -4*j**3 + 59*j**2 - 8*j - 12. List the prime factors of d(14).
2, 29
Let s(u) = u**2 - 4*u - 7. Let g be s(6). Suppose 1 + g = v. What are the prime factors of v/(-15) - 96/(-15)?
2, 3
Let o = -10 + 3. Let u = 22 + o. What are the prime factors of (-54)/(-4)*20/u?
2, 3
Suppose -2*n = 4*z + 16, 0 = 4*z + n + 2*n + 20. Let c be 1/(1/z)*-2. Suppose -f = 5*i + 18, -4*f + 21 = -c*i - 27. What are the prime 